0*a**3 - 42*a**2 - 52*a - 9. Calculate q(-1).
-259
Let d(z) = z**3 - 228*z**2 - 2139*z + 1420. What is d(237)?
-2
Let p(n) = -n**3 + 4*n**2 - 12197*n - 48870. What is p(-4)?
46
Let a(h) = -h**3 + 1390*h**2 + 35372*h - 51. Calculate a(-25).
24
Let x(k) = 13971*k - 251481. Determine x(18).
-3
Let l(i) = i**3 - 64*i**2 + 835*i + 941. What is l(45)?
41
Let c(l) = -7524*l**2 + 413819*l + 61. What is c(55)?
6
Let g(k) = 2*k**2 + 3035*k + 410275. Give g(-150).
25
Let n(a) = 41802*a - 125410. Calculate n(3).
-4
Let g(r) = -211*r**2 + 2737*r + 22. Give g(13).
-56
Let p(q) = -247837*q - 991352. Calculate p(-4).
-4
Let k(h) = -504*h + 23168. What is k(48)?
-1024
Let s(l) = -232*l - 1759. Determine s(5).
-2919
Let w(y) = 1019*y - 1997. What is w(3)?
1060
Let y(a) = a**2 + 400*a + 35309. What is y(-128)?
493
Let m(b) = 126416*b + 8469866. Calculate m(-67).
-6
Let u(i) = 2699*i - 5205. Determine u(2).
193
Let g(v) = v**3 + 656*v**2 + 19723*v - 152900. Give g(-624).
-20
Let n(f) = -f**3 + 173*f**2 + 99*f - 18808. Calculate n(173).
-1681
Let h(w) = w**3 - 96*w**2 - 403*w - 40. Calculate h(-4).
-28
Let q(r) = -2*r**3 + r**2 - 6677*r - 40096. Calculate q(-6).
434
Let m(o) = o**3 + 203*o**2 + 1055*o + 131265. Give m(-201).
12
Let u(f) = -59*f**3 - 430*f**2 - 135*f - 82. Determine u(-7).
30
Let l(f) = 300*f**2 + 32406*f + 133. Determine l(-108).
-515
Let g(a) = -72*a + 367. Give g(5).
7
Let z(t) = -2786*t + 111464. Determine z(40).
24
Let q(j) = 804*j + 7070. Give q(-8).
638
Let d(a) = a**3 + 10*a**2 - 2371*a + 385. Determine d(-54).
115
Let v(p) = 4*p**3 + 30*p**2 + 57*p - 10. What is v(-3)?
-19
Let j(k) = k**3 + 38*k**2 - 1648*k - 4604. Give j(-63).
-5
Let q(a) = -2361*a + 44880. Calculate q(19).
21
Let n(h) = -13*h**3 - 5*h**2 + 2604*h - 2600. Give n(1).
-14
Let i(j) = -j**2 + 94909*j + 1423852. Give i(-15).
-8
Let i(f) = -5*f**2 + 1350*f + 31118. Give i(-24).
-4162
Let g(c) = 13160*c + 105304. Give g(-8).
24
Let f(i) = 885*i**3 - 3*i**2 - 7*i - 3. Calculate f(-1).
-884
Let r(i) = -133*i + 471. Give r(7).
-460
Let x(f) = -f**3 + 13*f**2 + 66*f + 13. Calculate x(20).
-1467
Let i(q) = 4*q**2 - 44569*q - 44572. Give i(-1).
1
Let w(h) = -h**2 + 590*h + 65086. Calculate w(-95).
11
Let u(w) = -w**2 - 39332*w + 432547. Calculate u(11).
-226
Let j(x) = 6*x**2 + 164*x + 481. What is j(-8)?
-447
Let c(a) = a**2 - 26*a - 16564. Calculate c(142).
-92
Let r(i) = 37*i**2 + 1032*i - 112. Give r(-28).
0
Let u(t) = -t**3 + 33*t**2 - 185*t + 1410. Determine u(28).
150
Let n(s) = 1105*s + 24027. Give n(-22).
-283
Let f(h) = -28*h**2 + 512*h - 162. Give f(18).
-18
Let b(v) = -138335*v + 7055086. What is b(51)?
1
Let r(k) = 6*k**2 + 735*k + 11033. Calculate r(-15).
1358
Let v(y) = 2190*y + 10238. Determine v(-5).
-712
Let u(s) = -s**2 - 1806*s + 84991. What is u(46)?
-201
Let t(d) = -d**3 + 374*d**2 - 356*d - 6199. What is t(373)?
142
Let p(k) = -946*k + 19294. What is p(19)?
1320
Let o(d) = 14379*d - 29008. Give o(2).
-250
Let u(i) = -121*i**3 - 625*i**2 + 13*i + 64. Determine u(-5).
-501
Let z(c) = -c**3 + 278*c**2 + 249*c + 8342. Determine z(279).
-28
Let c(s) = s**2 - 379*s + 35524. Calculate c(183).
-344
Let v(p) = -p**2 + 202*p + 18882. What is v(273)?
-501
Let m(o) = o**3 - 17*o**2 + 370*o - 4548. Calculate m(13).
-414
Let h(v) = -49997*v - 299980. Give h(-6).
2
Let l(q) = 101479*q + 913442. What is l(-9)?
131
Let y(k) = k**2 + 906*k - 134676. Determine y(130).
4
Let i(s) = -51718*s - 1241229. Determine i(-24).
3
Let c(o) = 17614*o + 2782973. Give c(-158).
-39
Let u(y) = y**3 - 73*y**2 + 149*y - 5486. Calculate u(72).
58
Let f(c) = 9003*c + 612216. Determine f(-68).
12
Let p(n) = -3*n**3 - 118*n**2 + 2063*n + 4528. Calculate p(-52).
4
Let y(u) = 56*u**2 - 22*u - 88. Calculate y(-3).
482
Let y(k) = -98*k**2 + 619*k + 8553. Give y(13).
38
Let q(c) = 652*c**2 + 74988*c + 912. Calculate q(-115).
-8
Let g(f) = -4012*f + 16046. Calculate g(4).
-2
Let f(l) = 7*l**3 - 16*l**2 + 21*l - 2. What is f(4)?
274
Let o(p) = 1859*p + 64120. Calculate o(-34).
914
Let i(h) = -2*h**3 - 30*h**2 + 228*h + 558. What is i(-20)?
-2
Let l(z) = 243*z - 15437. Calculate l(66).
601
Let c(d) = -d**3 + 7*d**2 - 374516*d + 2996181. Calculate c(8).
-11
Let a(c) = -80705*c + 403740. Give a(5).
215
Let n(w) = -w**2 - 347717*w - 1390891. Give n(-4).
-39
Let c(n) = 15*n**3 + 93*n**2 - 114*n - 787. Determine c(-6).
5
Let w(i) = -i**3 - 7*i**2 + 1437*i + 9999. Determine w(-7).
-60
Let k(u) = 11*u**3 + 68*u**2 - 2*u + 3. Give k(3).
906
Let r(h) = -18*h**2 + 1227*h + 6244. Calculate r(-5).
-341
Let w(c) = -80*c**2 - 4810*c + 9224. What is w(-62)?
-76
Let r(w) = -46*w**2 - 15903*w + 15934. Calculate r(1).
-15
Let a(s) = -1972*s - 193264. Give a(-98).
-8
Let f(h) = -3093*h + 126630. Determine f(41).
-183
Let n(l) = 157*l**2 + 143*l + 290. Calculate n(-3).
1274
Let q(g) = 194*g - 68863. Give q(355).
7
Let f(h) = -h**3 - 27*h**2 + 106*h + 2273. Determine f(-28).
89
Let d(r) = 59236*r - 414519. Calculate d(7).
133
Let m(d) = -32*d**2 + 16*d - 23. Give m(3).
-263
Let a(g) = 239*g**3 + 5*g**2 - 6*g - 6. Determine a(-2).
-1886
Let y(b) = 6*b**2 + 44*b + 16. Calculate y(-6).
-32
Let g(b) = 10511*b - 10480. Calculate g(1).
31
Let a(j) = 8*j**3 - 4*j**2 - 63*j - 125. Give a(-2).
-79
Let r(f) = 190*f**3 - 4185*f**2 + 80*f + 628. What is r(22)?
-32
Let m(o) = -7*o**2 - 168*o + 165. What is m(-27)?
-402
Let x(m) = -m**3 - 99*m**2 + 1004*m + 3403. Calculate x(-108).
-53
Let u(c) = -c**2 + 43*c + 2026. Give u(86).
-1672
Let h(s) = -s**2 - 1659*s - 585998. Determine h(-510).
-8
Let o(c) = 24490*c - 27624735. Determine o(1128).
-15
Let n(p) = p**3 - 208*p**2 - 743*p + 154559. Give n(208).
15
Let c(f) = 13*f**2 - 88*f + 85. Give c(1).
10
Let a(s) = -2*s**3 + 485*s**2 + 2718*s + 2522. Determine a(248).
42
Let b(y) = 103*y**2 + 3104*y - 9738. Determine b(-33).
-3
Let z(a) = -2*a**3 - 2*a**2 + 2029*a + 6060. Give z(-3).
9
Let s(a) = a**3 - 25*a**2 - 139*a - 305. Determine s(30).
25
Let p(r) = 51*r**2 + 31563*r - 3798. Give p(-619).
-84
Let i(a) = 67*a - 1385. What is i(18)?
-179
Let v(y) = -y**3 - 51*y**2 - 149*y - 16. Calculate v(-48).
224
Let f(h) = 112*h**2 - 684*h + 140. Determine f(6).
68
Let d(z) = -70*z + 392. Determine d(-9).
1022
Let z(u) = 278*u - 4351. Determine z(20).
1209
Let i(v) = 2*v**3 - 302*v**2 - 318*v + 1663. Determine i(152).
-465
Let b(h) = 715*h**2 - 5761*h + 341. What is b(8)?
13
Let n(p) = -174*p**2 - 3655*p - 54. Calculate n(-21).
-33
Let t(g) = -g**3 + 25*g**2 + 3750*g - 221. Calculate t(-50).
-221
Let i(z) = 801*z - 13897. Calculate i(13).
-3484
Let m(t) = t**2 + 47110*t + 6856721. Calculate m(-146).
-23
Let s(l) = 3207*l - 125037. Give s(39).
36
Let x(a) = 2*a**3 - 315*a**2 - 117*a - 6995. What is x(158)?
-517
Let a(o) = -o**2 + 924*o + 34751. Calculate a(-36).
191
Let k(t) = -3*t**3 + 1394*t**2 - 3745*t + 22622. What is k(462)?
-16
Let w(p) = -11*p**3 - 103*p**2 - 192*p + 172. Give w(-6).
-8
Let d(m) = -8*m**2 - 786*m + 1390. Calculate d(2).
-214
Let t(y) = 2*y**3 - 614*y**2 + 1216*y + 1883. Give t(305).
663
Let n(f) = 5007*f - 105101. Determine n(21).
46
Let n(g) = -1696*g**3 + 27133*g**2 + 30*g + 228. Determine n(16).
-60
Let f(j) = -341*j + 1180. What is f(1)?
839
Let z(o) = -3746*o**2 + 131109*o - 37. Give z(35).
-72
Let t(q) = 5886*q - 17620. Give t(3).
38
Let b(y) = -y**3 - y**2 - 81*y + 38. What is b(0)?
38
Let n(b) = 112*b**3 + 3924*b**2 + 302*b + 5668. What is n(-35)?
-2
Let d(l) = l**3 - 9*l**2 - 24158*l - 330. Give d(160).
-10
Let o(r) = -3301*r + 2222. Determine o(0).
2222
Let j(v) = -14*v**2 - 248*v + 642. Give j(-20).
2
Let j(f) = 3*f**2 + 60773*f - 303915. What is j(5)?
25
Let b(t) = -14376*t + 86364. Give b(6).
108
Let v(o) = 29983*o - 89894. Determine v(3).
55
Let i(p) = -p**2 - 2104*p - 477765. Calculate i(-259).
90
Let k(i) = -31*i**2 - 10193*i + 10204. Give k(1).
-20
Let t(l) = 28*l**2 - 688*l - 2070. Determine t(-3).
246
Let z(y) = -76*y**3 - 2278*y**2 + 50*y - 309. Determine z(-30).
-9
Let x(z) = 130*z**2 - 7802*z - 143. What is x(60)?
-263
Let f(i) = 707*i**2 - 2815*i - 25. Calculate f(4).
27
Let l(k) = k**3 - 12*k**2 - 626*k + 1923. Calculate l(3).
-36
Let n(p) = p**2 - 45601*p - 2648228. Determine n(-58).
-6
Let f(v) = -62*v - 605. Calculate f(-10).
15
Let a(p) = 30*p**3 + 351